the highest common divisor of j and u?
14
Let i(q) = q. Let h be i(10). Suppose h*w = 5*w + 15. Suppose -k + 5*v - 74 = -2*k, -3*k - w*v = -246. Calculate the highest common factor of 12 and k.
12
Let s(o) = -19*o - 5. Let h be s(-3). Suppose -5*r + 115 = z + 2*z, -77 = -2*r + 5*z. Calculate the highest common divisor of r and h.
26
Suppose -5*s + 15 = 0, -2*k - 6*s + 120 = -2*s. Suppose 0 = b - 67 + 20. Let o = b - 38. Calculate the highest common factor of k and o.
9
Suppose 4*x = 11*w - 12*w + 84, 2*w + 4*x = 176. Calculate the highest common divisor of w and 230.
46
Let y = 33 + -23. Let h(i) = 11*i + 157. Let m be h(-7). What is the highest common factor of y and m?
10
Let a = -451 - -456. Calculate the greatest common divisor of 320 and a.
5
Let l be (-22*(-92)/8)/1. Let q be (9 - 11)*(-22)/4. What is the highest common divisor of l and q?
11
Let o(a) = -2*a**3 + 2*a**2 - 5*a - 12. Let k be o(-4). Calculate the greatest common divisor of 448 and k.
56
Suppose 68 = c + 4*q, 3*c + 361*q = 359*q + 154. What is the highest common divisor of 108 and c?
12
Suppose -3*p + 101 + 205 = 0. Calculate the greatest common factor of 68 and p.
34
Let g be ((-17)/(-17))/(1/92). Let l = g - 44. What is the greatest common factor of 8 and l?
8
Suppose 15*r - 10*r - 9 = u, -5*r + 3*u + 7 = 0. Let i be 1*(-2)/(-2) - -27. Calculate the greatest common divisor of i and r.
2
Suppose 4*i - 29 - 127 = 0. Suppose o - 6*p = -4*p - 6, -2*o - 5*p = i. Let v be 2/6 + (-116)/o. What is the greatest common factor of 2 and v?
2
Let x(b) = 5*b**2 - 106*b + 528. Let t be x(5). Calculate the highest common divisor of t and 6.
3
Suppose -5*t + 3*k = -51, 2*t - 4*k - 15 - 11 = 0. What is the highest common factor of 504 and t?
9
Let f be -1 - ((-432)/(-30))/(2/(-125)). What is the greatest common factor of f and 31?
31
Suppose 0*a + 5*a + 10 = 0. Let c be (-9)/a*112/8. Suppose 0 = 3*q - 7*q + 28. Calculate the highest common divisor of c and q.
7
Suppose -17 = -3*f + 5*r + 47, 27 = 4*f + 5*r. Let l(y) = f*y + 3 - 6*y - 6*y. Let k be l(3). Calculate the highest common divisor of 6 and k.
6
Let r = 13 - 1. Let h(z) = 4*z. Let f be h(r). What is the greatest common factor of f and 12?
12
Suppose 2*g - 220 = -2*a + 10, 3*g - 346 = -2*a. Suppose -3*y - 5*t + g = 0, -4*y - 18 = 3*t - 180. What is the highest common divisor of 14 and y?
14
Suppose 3*r = -16 + 115. Suppose 0*c + 5*c = -5*k + 65, 2*k + c - 23 = 0. Suppose -88 = -k*x + 6*x. What is the greatest common divisor of x and r?
11
Let n be (-1)/(-13)*89 - 62/(-403). Calculate the greatest common divisor of 35 and n.
7
Let q be 0 + (-2 + 2)/1. Suppose 115*y - 117*y + 24 = q. Calculate the highest common factor of 6 and y.
6
Let z be (1/2)/((-2)/(-136)). Let m be -1 + (-275)/(-22)*((-29)/(-5) + -3). Calculate the highest common factor of z and m.
34
Let b(i) = -i**3 - 7*i**2 - 10*i - 18. Suppose 6 = -3*w - 3*k, 11 + 3 = -w + 2*k. Let z be b(w). What is the highest common factor of 6 and z?
6
Let x(r) = -44*r - 422. Let y be x(-10). Calculate the highest common divisor of y and 738.
18
Suppose -4*t + t = -2*c + 7, -4*c = -3*t - 17. Suppose x - 24 = -12. Suppose 2*n - 1 = 3*f, -2*f + x = 5*n - 0*n. What is the highest common divisor of f and c?
1
Let r be 338/4 + 25/(-50). Calculate the highest common factor of r and 252.
84
Suppose 4*t + 2*t = 2640. Suppose 0 = 12*s - 2*s - t. Calculate the greatest common factor of s and 110.
22
Let c be 2/6*(-60)/(-5). Let q be (-231)/(-44)*((-32)/(-3))/c. Calculate the highest common divisor of 112 and q.
14
Let h be ((-6)/(-9)*117)/1. Suppose 4*i - 8 = -2*q + h, -3*q + 9 = i. Suppose -3*u - u = -i. What is the greatest common factor of u and 66?
6
Let h be -6*(68/6)/(-1). What is the greatest common divisor of 1224 and h?
68
Let u = 29 - 21. Suppose -139*s = -36*s - 206. Calculate the greatest common divisor of s and u.
2
Let o be (-4 - -14)/(4/(-2)). Let m be (1 + o)/((-6)/24). What is the highest common divisor of m and 16?
16
Suppose 5*r + 9198 = 10818. Calculate the greatest common factor of 252 and r.
36
Let l be 8/12 + 680/60. What is the highest common factor of l and 10?
2
Let b be (43 - (1 - 4)/(-3)) + 2. Calculate the highest common factor of b and 4.
4
Suppose 640 = 5*r + d, 0 = -5*r + 7*r - 5*d - 256. Calculate the greatest common factor of 32 and r.
32
Let g(y) = -y**2 + y + 14. Let z be g(0). Let q = -102 + -7. Let m = 235 + q. Calculate the highest common factor of z and m.
14
Let u = -201 - -309. Calculate the highest common divisor of u and 558.
18
Let h = 94 + 129. Suppose -3*l + 206 = -h. Let o be (299/69)/(6/18). What is the highest common divisor of l and o?
13
Suppose -5*q + 4*v + 22 = 0, -q - q + 1 = v. Suppose z = 0, 0 = q*a - 5*z + z - 10. Let o = 1 + 4. Calculate the highest common factor of a and o.
5
Let g(f) = -f**2 - 10*f - 6. Let u be g(-4). Let z = -14 + u. Suppose -t = z*t - 15. What is the greatest common factor of 3 and t?
3
Let u = 17 + 15. Let c = 2874 + -2870. What is the highest common divisor of c and u?
4
Let v be ((10/(-3))/(-2))/((-11)/(-330)). Suppose -3*t = -t - 3*d - 11, -4*t + 2*d = -34. Calculate the highest common divisor of t and v.
10
Suppose c + 161 = 8*c. Suppose 12 = y - c. What is the highest common divisor of 5 and y?
5
Let l = 0 + 10. Let c be (4/14 - (-14)/(-49))/4. Let k be 3 + c + (-22)/(-11). Calculate the greatest common factor of l and k.
5
Let b = 279 - 239. Suppose 2*h + 161 = h - 3*f, -3*f + 322 = -2*h. Let y be 4/(-8) + h/(-2). What is the highest common divisor of b and y?
40
Let k = 32 - 13. Let i = -13 + k. Let s be 4/((-48)/9)*-40. Calculate the highest common divisor of i and s.
6
Let w(r) = -r + 20. Let k be w(6). Let j be k/3 + (-2)/(-6). Suppose 16 = j*f - 109. What is the greatest common factor of f and 10?
5
Let f(g) = 6*g + 53. Let u be f(-9). Let w be (u - -6) + -2 + 0. What is the greatest common factor of w and 24?
3
Let c be 650/30 - (-3)/9. Calculate the greatest common divisor of 231 and c.
11
Suppose -54 - 42 = -8*r. Calculate the highest common factor of r and 96.
12
Suppose 0 = 10*a - 11*a - 54. Let w = -36 - a. Let y(t) = 3*t**3 - 4*t + 3. Let m be y(3). Calculate the greatest common divisor of w and m.
18
Let c(g) = -g - 9. Let k be c(-9). Let x = k - -10. Suppose 32*y - 82 - 78 = 0. Calculate the greatest common divisor of y and x.
5
Let v = 18 + -15. Suppose -2*o - 5*d = -27, 0 = -v*o - 3*d + 21 + 15. Calculate the highest common divisor of 143 and o.
11
Let p be (-10)/(-3)*(-504)/21. Let q = p + 143. Let j be q/4 - (-5)/20. Calculate the highest common divisor of 32 and j.
16
Suppose 4*b - 2*g = 24 + 28, 0 = -4*b - 4*g + 40. What is the greatest common divisor of 9 and b?
3
Suppose -4*j + 728 = 9*j. What is the greatest common divisor of 224 and j?
56
Let v = 4 - 24. Let y be (-108)/v + 8/(-20). Let a = -23 - -33. Calculate the greatest common factor of y and a.
5
Suppose 0 = 4*o - 6*o + 2*f + 30, f = -1. Suppose -2*b + 396 = 2*b. Suppose 5*i - b = -o. Calculate the greatest common factor of i and 51.
17
Suppose -2*n = w + w - 24, -2*n = -2. Suppose 2*o + 40*o = 3696. What is the highest common factor of w and o?
11
Let b be ((-48)/54)/4 - (-490)/18. Calculate the greatest common divisor of 27 and b.
27
Let p(g) = -3*g**3 + 2*g + 5. Let l be p(-3). Calculate the greatest common divisor of l and 20.
20
Let t = 5 - 14. Let l be (-1 + t)/(8 + -10). Suppose -10*x + l*x + 245 = 0. What is the highest common factor of x and 7?
7
Let m = 3 - 15. Let g be ((-3)/2)/(m/560). Suppose -3*z + g = 2*z. What is the highest common factor of 154 and z?
14
Let i be 87 + -1 + -8 + 6. Calculate the greatest common divisor of 126 and i.
42
Let m be 6*1/(-1 - 1). Suppose 0 = -3*j - 0*j - 15. Let h be j*m*(-24)/(-2). Calculate the highest common factor of h and 30.
30
Let q = 679 + -245. Calculate the highest common factor of 62 and q.
62
Let y(t) = -t**3 + 5*t**2 + 31*t - 99. Let b be y(3). Suppose -4*u - 2*i = -56, -9 - 11 = -2*u + i. What is the highest common factor of u and b?
12
Let w(f) = 9*f**2 - 44*f - 8. Let t be w(7). Calculate the highest common divisor of t and 1625.
125
Let f(h) = -h**3 + 11*h**2 - 17*h - 7. Let m be f(9). Let d be 0 - (-286 + (-2 - m)). Let p = 90 + -61. What is the greatest common divi